ose 16*j - 3444 - 3212 = w. What is the greatest common factor of j and 16?
16
Let r be -1 - (-1325)/45 - 56/126. Calculate the highest common divisor of r and 1100.
4
Suppose 9*f - 138 = -14*f. Suppose -z + 5*l + 17 = 0, -4*z - f*l + 38 = -11*l. What is the highest common divisor of 21 and z?
7
Suppose -12*f + 5*f - 4809 = 0. Let x = f - -1450. What is the highest common divisor of x and 7?
7
Let o(i) = 16*i - 72. Let t be o(19). Let x = t - 153. Suppose 9*z - 74 = x. What is the highest common factor of z and 17?
17
Let z(q) = -2*q**2 + 38*q - 132. Let a be z(18). Let s(u) = 6*u**2 + 7*u - 2. Let n be s(-5). Let c = a + n. Calculate the greatest common factor of 187 and c.
17
Let z be (-6)/6 - 2*-1. Suppose -3 = -4*x - 3*n + 8*n, n - z = 0. Let d be x/10 - ((-89)/5 - -2). Calculate the highest common divisor of 16 and d.
16
Suppose -5*q + d + 4438 + 14459 = 0, 4*q - 15105 = 5*d. Calculate the highest common divisor of q and 21.
21
Let w be (6 - (5 - 2)) + (-84)/(-2). Let z(k) = -k**3 + 44*k**2 + 48*k - 109. Let f be z(w). Calculate the greatest common divisor of 52 and f.
26
Let t(n) = -6*n + 578. Let x be t(64). Calculate the highest common factor of 1 and x.
1
Let j = -2 - -3. Let c = 199 - 186. Suppose 19 = -c*z + 32. What is the greatest common divisor of z and j?
1
Let s(x) = -64*x - 1136. Let r be s(-18). Calculate the highest common factor of 976 and r.
16
Let d be -12 + (-4263)/(-13) - (-3)/39. Calculate the highest common factor of 7505 and d.
79
Suppose 3*z - 5*z + 11277 = 3*n, 4*n - 28168 = -5*z. Calculate the greatest common divisor of 24 and z.
12
Let r = -120 - -115. Let d be (118 - 0) + r - 5. Calculate the greatest common divisor of d and 9.
9
Let n(h) = 3*h**3 - 21*h**2 - 58*h + 52. Let r be n(9). Calculate the greatest common divisor of 2864 and r.
16
Suppose -5*z + 7*a + 105 = 4*a, 4*a + 20 = 0. Suppose 4*k - 12 = 0, 5*r = -19*k + z*k + 233. Calculate the greatest common factor of r and 322.
46
Let b(i) = -15*i - 1456. Let o be b(-98). Let p = -117 - -194. Calculate the greatest common divisor of o and p.
7
Let k be 0*(5/(-7) + 2/(-7)). Suppose -w - 46 + 61 = k. Calculate the greatest common divisor of 100 and w.
5
Let d = 131431 - 131251. Let s(j) = j**3 + 4*j**2 + 2. Let g be s(-2). Calculate the highest common factor of g and d.
10
Suppose 8 = 4*u + 4. Let v be (-4 + 2 - -1) + 0 + u. Let m be v - (-6)/(-8) - 22/(-8). What is the greatest common divisor of m and 2?
2
Let a be 1236/(-2163) - (12345/(-7) + -1). What is the greatest common factor of a and 27?
9
Let r = 1482 - 1378. Calculate the highest common factor of r and 216.
8
Let u = 63104 - 62729. Suppose -2*k + 3*y + 18 = 0, -2*k + 3*y = -k - 3. Calculate the highest common factor of u and k.
15
Suppose 5769*p + 320 = 5785*p. What is the greatest common factor of 65 and p?
5
Let p(g) = -g + 7. Let w be p(2). Suppose -3*c = -w*c + 8. Suppose 2*l - 6 = c*j, 2*j + 2*j + 3 = -l. What is the greatest common divisor of l and 11?
1
Suppose x + 111*q = 116*q + 62, 15 = -5*q. Suppose 3*w - 32 = 5*v, v + 2*v = 2*w - 20. Suppose 40 = w*p - 712. Calculate the greatest common divisor of p and x.
47
Let p = 13 - -2. Let c = -173 - -176. Suppose -2*o + c*o - 165 = 0. What is the greatest common factor of o and p?
15
Suppose 23659 = 2*b + 3*l, -27*l = -2*b - 31*l + 23656. What is the highest common factor of 122 and b?
122
Let v = 2313 - 2218. Calculate the greatest common factor of 741 and v.
19
Let n(a) = -a**3 + 29*a**2 + 30*a + 8. Let l be n(30). Suppose -6*o - l + 140 = 0. What is the highest common divisor of 22 and o?
22
Let f be 14/119 - (1934/(-34) + 5). What is the greatest common factor of 3484 and f?
52
Suppose -57*t - 116*t - 60*t + 6757 = 0. Calculate the greatest common divisor of t and 8613.
29
Let i = -267 + 291. Calculate the greatest common divisor of i and 984.
24
Let b(c) = 24*c + 180. Let r be b(-5). Let j(m) = -m**3 + 9*m**2 + 9*m - 11. Let s be j(9). Calculate the greatest common factor of s and r.
10
Suppose -4*h + 2322*v - 2325*v = -97, 0 = 4*h + 2*v - 86. Suppose -4*m = -1329 - 371. Let l = m + -297. Calculate the highest common divisor of h and l.
16
Let y be (-12 - -9) + 9 + 2*-2. Suppose 2*j = -4*s + 1020, 0 = -5*j + y*s + 734 + 1828. What is the greatest common divisor of 32 and j?
32
Suppose 6*j = -3641 + 8887 + 8308. Calculate the greatest common factor of j and 27.
9
Suppose m + 60 = 3*o - o, 3*m - 12 = 0. Let z be 24/o + (-436)/(-16). Calculate the highest common divisor of 49 and z.
7
Let v be -1*(0 + -1)*3. Suppose v*d = -569 + 1481. What is the highest common divisor of d and 19?
19
Let n(v) = 20*v - 56. Let d be n(3). Suppose d*z - 70 = -2*t, t = 4*z - 4*t - 63. What is the greatest common divisor of 17 and z?
17
Let l be 30/(-4)*40/(-12). Let w be (-5)/(l/20) - 33. Let j = 91 + w. Calculate the greatest common factor of 6 and j.
6
Let m(i) = -9*i**2 - 3*i + 2. Let k be m(2). Let g be (4/(-5))/((-158)/k + -4). What is the highest common factor of g and 72?
8
Suppose 0 = 5*r - 4*d - 5 + 27, -6 = -2*d. Let g be (-2)/5 - (-54)/(-15). Let b be 28 + g/r + -4. What is the greatest common factor of b and 208?
26
Suppose -4*z + 29*o + 92 = 25*o, 0 = 6*z - 5*o - 140. Calculate the greatest common factor of z and 1025.
25
Let j be (-6)/15 + 1/(15/(-819)). Let s = 76 + j. Suppose -4*d = -3*x - 663, -2*x - 846 = -5*d - 4*x. Calculate the greatest common factor of s and d.
21
Let l be (-2)/((-38)/19) + 11/(33/612). What is the highest common divisor of 155 and l?
5
Let q = -153 - -684. What is the highest common factor of 2301 and q?
177
Suppose -26*k + 3960 = 13*k + 81*k. Calculate the greatest common factor of k and 55.
11
Let u = -7548 - -11718. What is the highest common divisor of 120 and u?
30
Let q(c) = 52*c - 16. Let r = 81 + -78. Let o be q(r). Let w be (-3 - 31/(-11)) + (-888)/(-44). What is the greatest common divisor of w and o?
20
Let v = -87 - -83. Let c be -12*(v/4)/(-2). Let t be ((-520)/c)/((-64)/(-96)). What is the highest common factor of 52 and t?
26
Let o(r) be the third derivative of -r**6/120 - 2*r**5/15 - 17*r**4/24 + r**3/3 - r**2 + 13. Let p be o(-4). What is the highest common divisor of 4 and p?
2
Let u(k) = -k + 4. Let r be u(-4). Let h be ((-38)/8)/((-1)/r). Suppose 0 = -5*p - 214 + 689. Calculate the highest common divisor of h and p.
19
Let x be 0 - 0 - -47 - (4 + -5). Let s(y) = -7*y + 28 + 20*y - 7*y - 3*y. Let t be s(-8). Calculate the highest common divisor of x and t.
4
Let m(i) = 15*i + 2493. Let j be m(-15). What is the greatest common divisor of 1260 and j?
252
Suppose -201240 = -26*x - 103*x. What is the greatest common divisor of 20 and x?
20
Let k be 1*-1 + 2 + 113. Let b(h) = 2*h - 170 + 10*h + h - 276 + 23. Let n be b(33). Calculate the highest common divisor of k and n.
6
Let n(o) = -2*o**3 - o**2 - 2*o - 1. Let k be n(-1). Let l = -120 - -110. Let h be (8/l)/((-54)/2295). Calculate the greatest common factor of h and k.
2
Let g be (40/(-50))/(8/(-5)) - 4157/(-2). What is the highest common divisor of 21 and g?
21
Let d = -162 - -184. Let h be (3 + d/(-10))/((-3)/(-180)). What is the highest common factor of 336 and h?
48
Let f = 180587 + -180531. Suppose 0 = 2*s + 2*s - 4256. What is the greatest common divisor of f and s?
56
Suppose 59840 - 347071 = -89*w + 174857. What is the greatest common divisor of 295 and w?
59
Let f = -310 - -209. Let w = f + 143. Suppose -7 - 5 = -2*g. What is the greatest common divisor of w and g?
6
Let b be ((-29)/(-4))/(-3 + 2043/684). Let j = 559 + b. Calculate the highest common factor of 136 and j.
8
Suppose 21*x - 54860 = 6075 - 4907. Calculate the highest common divisor of 184 and x.
92
Suppose -3*j - 12*y - 13 = -8*y, -3*j = -y - 7. Calculate the greatest common factor of j and 256.
1
Let f = 39 - 38. Let v = -88 + 164. Let h be (-6)/10 + v/10. Calculate the highest common factor of h and f.
1
Let o = 213 - 108. Suppose -5*s + 30 = 3*q - 27, -5*q = 5*s - o. What is the greatest common divisor of q and 6?
6
Suppose 3*w + u - 55 = 0, 2*w + w = 5*u + 49. Suppose -3*k = -199 - 503. What is the highest common divisor of w and k?
18
Let k(z) = -z + 24. Let a be k(-24). Suppose 9*s - a = 6*s. Calculate the greatest common divisor of s and 48.
16
Let t = -9136 + 9244. What is 